actor of n and 3?
3
Suppose -3*c = 2*c + a - 930, -a + 556 = 3*c. Let w = -15 + 32. What is the greatest common factor of c and w?
17
Let f(s) = s + 34. Let c be f(-33). What is the greatest common divisor of 4 and c?
1
Let i = -2 - -101. Calculate the greatest common divisor of i and 9.
9
Let r = -81 + 93. Calculate the greatest common divisor of 8 and r.
4
Let x = 7 - -103. Calculate the greatest common factor of x and 10.
10
Let j = 393 - 222. Suppose 0*d + d - j = 0. Let g(m) = -20*m**3 - 2*m**2 + 1. Let f be g(-1). Calculate the highest common factor of f and d.
19
Let s = 4 - -8. Let n be 1/2 - 2457/(-6). Suppose 0 = -4*m + n - 26. Calculate the highest common factor of m and s.
12
Suppose 6 = 3*s - 21. Calculate the highest common factor of s and 99.
9
Suppose 0 = 3*y - 6, 2*g = 2*y + 37 - 13. What is the highest common factor of g and 56?
14
Let f(y) = y + 1. Let k(i) = -7*i. Let j(m) = 3*f(m) + k(m). Let h be j(2). Let s = 0 - h. What is the highest common factor of s and 55?
5
Let p(j) = -2*j**3 - 3*j**2 - 2*j. Let c be p(-2). Let z = -27 - -67. What is the greatest common divisor of z and c?
8
Suppose 3*d + 5*h - 25 = -0*d, 5*d = 3*h + 19. Let m = 37 - 32. What is the greatest common divisor of d and m?
5
Let g = -79 + 122. Suppose -l - 2*d = -g, 99 = 5*l - 2*d - 128. Calculate the greatest common factor of 9 and l.
9
Suppose -5*p - w + 420 = 0, -2*w - 95 = -3*p + 2*p. Let o(y) = -2*y + 7. Let t be o(-5). What is the highest common divisor of p and t?
17
Let z be (-4)/3*333/(-2). Let i be z/42 + (-2)/7. Let a = 93 + -38. What is the highest common divisor of i and a?
5
Let n = -53 + 38. Let d be ((-10)/n)/(1/6). What is the highest common divisor of d and 4?
4
Let c(u) = -u. Let o be c(-2). Suppose -3*i + i = -w - 105, o*i - 2*w - 108 = 0. Suppose -i + 0 = -3*g. What is the greatest common factor of 153 and g?
17
Suppose 5*q = 10 - 20. Let g be 27 + 8/q - -1. What is the greatest common factor of 60 and g?
12
Let y = -33 - -48. Calculate the greatest common divisor of 75 and y.
15
Let a(t) = t**2 - 2*t + 14. Let r be a(-13). What is the highest common divisor of 11 and r?
11
Let k = -106 + 260. Suppose 20 = 4*s - 3*g, -4*s - 3*g + 25 = s. Suppose 0 = 5*u - 15, -3*l + 7*l - 41 = s*u. Calculate the greatest common factor of k and l.
14
Let o(j) = j**3 + 7*j**2 + 6*j + 4. Let t be o(-6). Calculate the highest common divisor of t and 20.
4
Suppose -5*c = o - 2 - 7, -14 = -2*c - 3*o. Let x(g) = 6*g**3. Let q be x(c). What is the greatest common divisor of q and 42?
6
Let u = -21 + 174. Calculate the highest common divisor of 17 and u.
17
Let b be (3/(-5))/(33/(-15) - -2). What is the greatest common divisor of 15 and b?
3
Let k(h) = h**3 + 10*h**2 - 10. Let g be k(-10). Let f = g + 7. Let o = 71 + f. What is the greatest common divisor of o and 17?
17
Let g = 239 - 159. What is the greatest common divisor of g and 20?
20
Suppose -5*x - 8 = -6*x. What is the greatest common divisor of 20 and x?
4
Let a be 18/(-63) - 492/(-7). Let b = 2 + a. Calculate the greatest common factor of b and 24.
24
Let d(i) = -78*i - 1. Let u be d(-3). Let z = u - 134. Suppose 19 = 2*p + 1. Calculate the highest common divisor of z and p.
9
Let y(d) = -2*d**2 - d - 2. Let t be y(3). Let w = -15 - t. Let f be (-167)/(-3) + (-1)/(-3). What is the greatest common divisor of f and w?
8
Let t(a) = a - 8. Let g be t(-8). Let m = -1 - g. Calculate the greatest common factor of 75 and m.
15
Let v(x) = x - 3. Let f be v(8). Suppose o + 17 = 4*u - 0*o, 0 = o + f. Let z be 40/u*(-30)/(-8). Calculate the highest common factor of 10 and z.
10
Let w = 41 - 25. Let h(m) = -m**3 - 5*m**2 - 2*m - 1. Let d be h(-5). Suppose -b + d = 4*z - 7, 0 = b + z - 22. Calculate the highest common divisor of w and b.
8
Let w(b) = b**3 - 8*b**2 + b. Let v be w(8). Let u = 0 - 0. Suppose -3*t + u*x = x - 97, x = 1. Calculate the highest common factor of t and v.
8
Let w be (46/3)/(6/9). Let p = -82 - -266. What is the greatest common factor of w and p?
23
Let l = 24 - -2. What is the highest common factor of l and 26?
26
Let g be -2 + 0 + -233 - 3. Let a = g + 480. What is the highest common factor of a and 22?
22
Suppose 4*b = -b + 90. Suppose 0 = -k - 4*k + 5*a + 50, -k + 3*a + b = 0. Let n(j) = -2*j + 3. Let o be n(-3). Calculate the greatest common factor of k and o.
3
Suppose -4*p - p + 3*j = -121, -4*j = -4*p + 92. Calculate the greatest common divisor of 130 and p.
26
Let s(u) = -3*u + 1. Let f be s(-4). Suppose -3*t + 250 = -62. Suppose 0*c = 2*c - t. Calculate the highest common divisor of c and f.
13
Suppose -4*q = -2*q - 8, 168 = 2*g + 2*q. Suppose 0*m = -5*m - g. Let i = 27 + m. What is the greatest common factor of i and 22?
11
Let r be (-2)/12 + (-275)/(-30). What is the highest common divisor of 1 and r?
1
Suppose 5*x - 37 - 23 = 0. Suppose 2*c = 12 - 4. Calculate the greatest common divisor of c and x.
4
Let h(d) = 3*d**2 - 1. Let z be h(2). Suppose 2*w + 244 = 2*a, 2*a = -3*w - 82 + 321. Calculate the greatest common factor of a and z.
11
Let y(o) = 9*o + 5. Let f be y(5). What is the greatest common factor of 125 and f?
25
Let m = -227 + 232. Calculate the highest common divisor of m and 5.
5
Suppose 13 = v - 11. Calculate the highest common divisor of v and 3.
3
Suppose 0 = -23*j + 20*j + 18. What is the highest common factor of 30 and j?
6
Let f be (-3)/(-2)*(-80)/(-15). Let i be 8*(10/(-4) - -3). Calculate the greatest common factor of i and f.
4
Suppose 0*d + 4 = 4*d. Let v be (-2 - d)/3*-1. Let b be 14 - (-2 + (v - 1)). What is the greatest common divisor of b and 40?
8
Let u(g) be the third derivative of -g**4/24 + 2*g**3/3 - 2*g**2. Let o be u(0). Suppose -30 = -2*n - o. Calculate the greatest common factor of n and 39.
13
Suppose -21 = -3*x + 2*k, -4*k + 6 = -6. What is the greatest common factor of 18 and x?
9
Let n = 161 + -105. Suppose -5*x - 3*a = -58, -2*a + 7*a = -20. Calculate the highest common divisor of x and n.
14
Suppose 4*a + 4*x = 4 + 28, -8 = -a - 5*x. Let k(j) = -j - 2. Suppose -18 = -3*h + 6*h. Let n be k(h). What is the greatest common divisor of n and a?
4
Suppose 2*d - 6 = -d. Suppose 29 = z + d*f, -5*f + 4 + 6 = 0. Calculate the greatest common factor of z and 25.
25
Let t be (-5)/(-1 + (-19)/(-20)). Calculate the highest common divisor of t and 20.
20
Suppose 2*q - 4*y + 2 = 0, -3 = 2*y - 11. Calculate the greatest common divisor of 49 and q.
7
Let q be 105/(-14)*8/(-10)*1. What is the greatest common divisor of q and 24?
6
Let k = 31 + -26. Let b = 4 - -1. Calculate the greatest common factor of b and k.
5
Let o be 63/(-147) - (-465)/7. Calculate the highest common factor of o and 22.
22
Let m = -12 - -17. Suppose y + 4*y + 50 = m*n, -2*y = 2*n - 40. Let p be (n/9 + 0)*9. Calculate the greatest common divisor of 105 and p.
15
Let v = 618 - 267. What is the greatest common divisor of 27 and v?
27
Let s(b) = -28*b**3 - b**2 - b. Let p be s(-1). Let j = 42 - p. Calculate the greatest common divisor of 28 and j.
14
Suppose 4*o = 80 + 8. Suppose -87 - 969 = -6*c. What is the highest common divisor of c and o?
22
Let t(k) = -12*k + 13. Suppose -34 = 2*d - y - 10, -2*d - 3*y - 8 = 0. Let w be t(d). Calculate the greatest common divisor of 19 and w.
19
Let v be (-4)/18 - 65/(-9). Let x(z) = -10 + 5*z**2 + 0*z - 3*z**2 - 8*z - z. Let d be x(v). Calculate the highest common divisor of d and 10.
5
Let x(m) = m**2 + 10*m + 15. Let g be x(-11). What is the highest common factor of g and 65?
13
Suppose -100 = 5*x + 490. Suppose 45 = 5*j + 390. Let v = j - x. What is the greatest common factor of 7 and v?
7
Suppose 2*y = 7 - 1. Suppose 7 + 44 = -3*x. Let p be x/(-5) + 2/(-5). Calculate the highest common factor of y and p.
3
Let o(i) = i + 8. Let w be o(-4). What is the greatest common divisor of w and 1?
1
Let x(k) = -k**2 + 8*k + 23. Let m be x(9). Calculate the greatest common divisor of m and 98.
14
Let n = -10 - -9. Let s be (-3)/(-2) + n/(-2). Let m be (s/3)/((-2)/(-60)). What is the highest common factor of 4 and m?
4
Let b be (-6)/10 - 418/(-55). Let g be (-23)/(-3) + b/21. Calculate the highest common factor of 56 and g.
8
Let d = -2 + 6. Suppose -5*u + 5*z = -225, -d*u - 5*z = u - 175. Calculate the greatest common factor of 20 and u.
20
Suppos